 - -13).
22
What is (678 - 684) + (59 - (5 - 3))?
51
What is (-11 + 48 + -19 - 25 - -9) + 28?
30
What is the value of -15 - (-16 + (-8 - -18)) - -27?
18
What is -27450 + 27443 + (-2 - -1 - -18)?
10
Calculate -8 + (-26 - -8) + -33 + 21.
-38
Calculate (-1 - 0) + -11 + 10 + -4 + 18.
12
Calculate -78 + -3 - (39 - 47 - 16).
-57
-18 + (-28 + 14 - -24) - -33
25
Evaluate 3427 + -3444 + 14 + 2 + -1.
-2
Calculate -155 + 126 - 148 - -140.
-37
What is (-36 - -40) + 20 + 5 + -10 + 1 + -2?
18
What is -2035 + 2125 + (-52 - -2)?
40
Calculate 8 + (8 - 80 - ((1 - (-12 - -10)) + -1)).
-66
(-11 - (-14 + 1) - 10) + (-1 - -56)
47
-1038 + 1013 - (2 - -5)
-32
(-14 + 17 - (1 - -6)) + (-46 - (21 - -26))
-97
Evaluate 21 - (11 - -6) - (2 - (6 + 0)).
8
Evaluate -14 + -12 + -2 - (7 + 38).
-73
Evaluate 5 - ((-14 - 0) + -14 + 35 + -16 + 2).
12
What is the value of 20 + -4 - (37 + -28)?
7
What is 5 + (-35 - (15 - 29)) + (1 - -12)?
-3
26 + 14 + -22 + -35
-17
5 + (26 + -10 - (-19 + -38 - 3))
81
Evaluate (-2 - (-18 + 23)) + 1 + (-4 - 56).
-66
What is (-1 - -11) + (1746 - 1816 - (-15 + -1))?
-44
Calculate (-189 - -198) + (-2 - 4 - -16).
19
What is -72 - (11 - (13 + (-50 - -46) + 3 + -3))?
-74
Evaluate -171 + (-20 - -31) - -69.
-91
What is 1748 + -1783 + 0 + 8?
-27
(9 - -2) + (23 - (-17 - -23 - -18))
10
21 - (-87 + 5 + 99)
4
Evaluate (-201 - -129) + (2 - (-6 - -1)) + -5.
-70
Evaluate -4 + 1 + 18 - (-1 + 26).
-10
What is the value of (48 + 19 - 56) + -56?
-45
Evaluate 64 + 12 + 12 + -75 + (-9 - -2).
6
133 + (5 - 50) - 59
29
Calculate 2 - (-3 + 2 + 2) - (-5874 + 5839).
36
What is the value of 12 + -17 + 68 - (-1 - 4 - (-2 + -1))?
65
What is (1 - ((7 - 5) + 4) - (103 + -97)) + 15?
4
What is -4 + (-1 + 0 - (16 + (-2 - (12 + -80))))?
-87
What is the value of (-88 - 10 - -84) + (1 - -1)?
-12
Calculate 19 - (-15 - -141 - 11).
-96
What is -21 - ((3 - (99 + 2)) + 11 + -4)?
70
Evaluate 10 - (7 - (-18 - -12) - (2 + -2)).
-3
What is the value of -13 - (-13 - -11) - (14 - (-13 + -6))?
-44
What is -89 + -3 - (-18 + (27 - (10 + -3)))?
-94
What is 16 - (142 - 22) - (14 - 6 - -9)?
-121
Calculate 146 + -125 + -226 + 111.
-94
What is -28 + 8 - (-70 - (0 + 9))?
59
What is the value of (-1 - (-3 - -19)) + 47?
30
-12 + (-18 + 21 + (0 - 33) - (1 - -11))
-54
Calculate (28 + (31 - 18) - 21) + -24.
-4
What is the value of (10 - (-5 + 6 - (6 + 3))) + -27 + 25?
16
What is the value of (114 - 52) + (-12 - (-2 - 4)) + 5?
61
What is 64 + -57 + -14 + 1 + -38 + -10?
-54
Evaluate ((128 - -24) + -24 + 4 - 10) + (-11 - -2).
113
Evaluate -11 + (1 - 1 - (25 + -19)) - (117 - 105).
-29
Calculate -1670 + 1645 - (-1 + -1 + 9) - 8.
-40
What is (3 - (10 - (-5 + (13 - 0) + -4))) + -2?
-5
84 + -1 - ((37 + 14 - 42) + (-1 - 13))
88
11 + (7 - (-6 - (16 - 27))) - (0 + -18)
31
What is 194 + -272 + (2 - 0) + 9?
-67
(0 + (1 - 1) - -8) + (8750 - 8740)
18
What is the value of (17 + -3 - (-2 - -3)) + (169 - -19) + -192?
9
85 + (10 - (-22 + 80))
37
What is 58 + -75 + 102 + -42 + 10?
53
Calculate (-14 - -7) + (33 - (37 - -5)).
-16
What is the value of 1 + 2 + -1 + (-18 - -1) - (45923 + -45941)?
3
What is (-438 - -442 - (-2 - (10 + -1))) + -53?
-38
-53 + (24 - (22 - -21)) + 10
-62
What is the value of -7 - -23 - (-9 + 71 - -16)?
-62
-1 + (0 - -5) + (2 + 0 - (-1 - -39))
-32
What is 515 + -502 + -15 + 1 + 42?
41
Evaluate 2 + -44 + (75 - 10).
23
What is 4 - (26 - 45) - -15?
38
Calculate -86 - -133 - (7 + 98).
-58
15 + -133 - (-194 - -110)
-34
27 - (12 - (-18 - -7) - 12)
16
What is (-16 - (7 - -1)) + 21 + -31 + -1?
-35
Calculate 28 - 1 - (55 + -49 + -54).
75
Calculate 6 + (21 - -17 - (-7 + -3)).
54
Calculate -5 + 7 - (45 + 61 + 32).
-136
Evaluate (-89 - (38 - 5)) + 55.
-67
Calculate -117 + 87 + 42 + -84.
-72
Calculate 16 + -1 + (45 - -41 - 92) - -56.
65
What is the value of 6 + -3 - (3 + -3 + -15 + -657 + 761)?
-86
What is the value of (6598 - 6611) + 2 + (61 - 0)?
50
Evaluate (27 - (-18 - (-36 + -11))) + 14.
12
What is -180 + (78 - -57) - 13?
-58
What is (-1 - (-1 - (43 + 0))) + 84908 + -84905 - -10?
56
Calculate -10 - (-26 - (-58 + 44)).
2
(-1 - 3) + ((31 - 17) + (-10 - -1) - -5)
6
-82 - (-19 + 18 - (28 - -1))
-52
Evaluate -4 + (5 - -7) - ((-5 - 2) + -13 + -1).
29
(-2 - 15) + -22 + 12
-27
36 - ((88 - 187) + 78)
57
What is -9 + 4 + (7 + 13 + 2 + 5 - -3)?
25
What is 5 + -6 + -11 - (-90 + (-10 - (-9 - 3)))?
76
Calculate 121 + (-204 - (2 - 41)).
-44
-11 + (1216 + -1211 - (-1 - -1 - 6)) + -12
-12
(17 - (-53 - -18 - -46)) + (-1 - -5)
10
What is 8 - -3 - (61 - (-2 - -7 - -1))?
-44
Calculate 8 - (16 + 17 + -33) - (0 + 2 + 18).
-12
Evaluate 26 - (37 - 13) - (82 + 3 - 1).
-82
What is (5 + 0 - (-11 - -69 - 49)) + -39?
-43
13 + (-16 + 20 - -8) + -41
-16
What is the value of (-8 - 2 - (-3 + 4 - 4)) + 0 + 6?
-1
Calculate 29 + -68 + -6 + 4 + -42.
-83
What is the value of -59 - -1 - (3 + 0 + -19 + -62 + 81)?
-61
Evaluate 2 - 0 - (55 + (-94 - -25)) - 65.
-49
709 + -764 - (20 + -2)
-73
-2 + 6 + 2 + (-1 - (9 - (-14 - 9)))
-27
Evaluate 1 + -61 - (4850 - 4931).
21
What is -44 - (14 + 59 + -61 + (1 - -1))?
-58
Evaluate ((-32 - -13) + 15 - -6) + 10.
12
Calculate (-19 - 3) + -12 + (-7 - -14).
-27
Calculate -62 - (2 + -171 + 56).
51
Evaluate 41 + 26 - 61 - -55.
61
-17 + (9 - (0 - 6) - 29)
-31
36 + -38 - (-8 - (6 - 3 - 0))
9
(11 - -4) + (6 + -19 - -46)
48
What is the value of -1 + 5 - 96 - (110 + -43 - 92)?
-67
Evaluate 9 - (-14 - 8) - 64 - (-6 - (1 + 0)).
-26
What is the value of (-11 + (-15 - -39) - 25) + 72 - 17?
43
Calculate 25 - (-10 - -186 - 87).
-64
Evaluate (-2 - (-43 - -74)) + 42.
9
Calculate 89 + (-1293 + 1314 - (36 - 1)).
75
Evaluate (-7 - (3 + -10 - (118 + -109))) + (-1 - 58).
-50
17 + (10 - 2 - 20) - (-2 + 5 + -4)
6
What is 14 - ((-11 - -12) + 7) - (-91 + -3)?
100
Calculate 31 + (3 - (26 + -21)) - -55.
84
Calculate 8 + 1 + 22 + -3 + (-539 - -548).
37
(19 + -10 - (-8 + (-1 - -77))) + 0
-59
Calculate -26 + (-30 - -31) + 49.
24
Calculate -105 - -65 - -56 - 16.
0
16 + (-15 - -12) - (-35 + -5 - -14)
39
3 + 4 + 5 - (-853 - -867)
-2
-45 + 5 + -2 + (239 - 260)
-63
What is the value of 15 + -1 - (89 + -51 + -59)?
35
What is (-40 - (-3 + 1)) + 46 + -129 + 83?
-38
Calculate -1 + 87 - ((19 - 8) + 9) - 0.
66
What is 6 + 37 + (-2 - 42) + (1 - -5)?
5
What is 5 - (-18 + 3 + 22 + 1 - (0 - -1))?
-2
Calculate 11 + (120 - (-12 - ((-1 - -2) + (-52 - -41)))).
133
What is the value of 16 - (8 - (-14 + 3)) - -50?
47
Evaluate 2 + -4 + (-11 - -13 - 37) + 88.
51
What is 2 + -7 + (17 + -3 - (-64 + 78) - 6)?
-11
-22 - 7 - (-33 + 6 - -7)
-9
What is 2 - (-7 - (67 + -14) - 0 - -15)?
47
-5 + (23 + (13 - 20) - -8 - -5)
24
What is 9 + (-8 - ((3 - 7) + -49 - (40 + -48)))?
46
What is 0 + -23 - (28 - (26 + 56))?
31
What is 7 + (4 - 15) - (1 + 3 + -9 - 5)?
6
Calculate 67 + (4 - 73 - (-12 - 12)).
22
Calculate (6 + -77 - -9) + (29 - 8).
-41
What is the value of (132 - (117 + 131)) + -17?
-133
Calculate (-2 - -1) + -7 - ((-37 - 73) + 87).
15
33 + -43 + 0 + 40
30
Calculate 1 - 9 - (6 - (0 + 31)).
17
-52 + (175 - 68) + 5
60
-8 + (-5 - -3) - (-49 - (-8 - (-18 - -8)))
41
Evaluate 8 + -7 + 4 + 6 - 6.
5
What is the value of -2 + (0 - -2) + 12 + -42 + (-13 - -137)?
94
(-38 - (-9 + -10 - 0)) + 56
37
What is -22 + (20 - 23 - -14) + -13 + 1?
-23
What is (0 - 3) + 1 - (109 - ((29 - 67) + 19))?
-130
What is (-30 - (20 - 49)) + 37?
36
Evaluate (-31 + -43 - -69) + 3 + -54 + -1.
-57
Calculate 11 - (30 + -5) - -1 - 19.
-32
-20 + (5 - 11) - (-23 - (2 - 13))
-14
What is the value of 19 + (-5 - -6) + (4 - 16 - -8) + -2?
14
What is -14 + (4 - (-12 - -26) - -7) + 8?
-9
Calculate 1 - (-4 + (-1 - 6) - -10 - (-82 - -20)).
-60
What is 17 - ((120 - (62 - 13)) + 1 + 21)?
-76
-3 - -24 - (14 - (-28 + 20))
-1
What is the value of 8 - (-12 - -10 - (27 - 13 - 8))?
16
What is -9 + 1 + (-9 - -150) + -66?
67
Calculate -109 - (10 + (-34 - (-4 + -13)) + 4).
-106
What is 14 + -14 + -7 + 2 + 3 + 6 + -6?
-2
What is -39 - ((29 - 15) + -42) - (1 + -26)?
14
What is the value of (-13518 - -13455) + (43 - 1)?
-21
What is -4 + -2 + 5 + 1 + 12 - -1?
13
What is the value of -37 - -46 - ((-3 - -25) + -12)?
-1
What is 5 + 2 + ((-60 - -14) + 59 - (42 + 1))?
-23
What is the value of 175 + (-202 + 127 - 39)?
61
What is the value of 23 + -18 + -9 + 15 + (-7 - -10)?
14
Evaluate 30 - (-1 + 1) - (-45 + (68 - 33)).
40
What is (1 - (33 + -30)) + 2